?
True
Is 17202037 a composite number?
False
Is 53128277 composite?
False
Is 1224101 a prime number?
False
Is 18273565 a composite number?
True
Is 13850339 prime?
False
Is 49852237 a prime number?
True
Is 91718195 a composite number?
True
Is 8780663 a composite number?
False
Is 26522321 a prime number?
False
Is 1558061 prime?
True
Is 119531329 a prime number?
True
Is 363524627 a prime number?
True
Is 3432899 composite?
False
Is 27919391 a composite number?
False
Is 8654099 composite?
False
Is 75050879 a composite number?
False
Is 222088751 a prime number?
True
Is 375297721 composite?
False
Is 231033739 a prime number?
True
Is 206471743 a prime number?
False
Is 97922807 a composite number?
False
Is 7380029 composite?
True
Is 102880913 a composite number?
True
Is 7935899 composite?
False
Is 16965623 a composite number?
False
Is 997833 prime?
False
Is 1884221 a prime number?
True
Is 207361853 prime?
True
Is 4243511 composite?
False
Is 163455991 a composite number?
True
Is 36283285 a prime number?
False
Is 29360941 a composite number?
True
Is 45722281 a prime number?
False
Is 326309 a composite number?
False
Is 3297883 a composite number?
False
Is 5681098 a composite number?
True
Is 9348533 prime?
False
Is 95726833 a prime number?
False
Is 3081361 composite?
False
Is 5173759 prime?
True
Is 2109161 a prime number?
True
Is 77007577 a composite number?
False
Is 32970989 prime?
True
Is 616433 prime?
True
Is 33285389 prime?
True
Is 4225769 a composite number?
False
Is 318717697 a prime number?
True
Is 32895983 composite?
True
Is 1398323 prime?
True
Is 157423787 prime?
False
Is 1974134 composite?
True
Is 132989 prime?
True
Is 4285763 a prime number?
True
Is 197987849 a composite number?
False
Is 78860009 a prime number?
True
Is 2027947 composite?
True
Is 1125989 composite?
True
Is 1692497 composite?
True
Is 11484331 a composite number?
True
Is 156434359 composite?
False
Is 102084391 a prime number?
True
Is 57594961 a composite number?
True
Is 10203359 prime?
True
Is 988327603 prime?
True
Is 533149 prime?
True
Is 242558185 a composite number?
True
Is 32526901 prime?
False
Is 81611 composite?
False
Is 5512937 a prime number?
False
Is 6425345 prime?
False
Is 8997487 a composite number?
False
Is 16139087 a composite number?
True
Is 66632179 a composite number?
False
Is 16281193 a prime number?
False
Is 37115563 composite?
True
Is 8764251 composite?
True
Is 3014207 prime?
False
Is 891690389 a prime number?
True
Is 4048969 a prime number?
True
Is 13199609 a prime number?
True
Is 27989291 a composite number?
True
Is 876187 composite?
True
Is 274207 a composite number?
True
Is 741913 a composite number?
False
Is 824393 prime?
True
Is 53130877 a composite number?
True
Is 2509057 a prime number?
False
Is 5521622 a composite number?
True
Is 420439 a composite number?
False
Is 613819169 prime?
True
Is 2398147 a composite number?
False
Is 32990765 a prime number?
False
Is 136570051 prime?
True
Is 1148837 a prime number?
True
Is 43658365 composite?
True
Is 666781 a composite number?
True
Is 599327861 a composite number?
True
Is 7974019 prime?
False
Is 431217323 a composite number?
False
Is 5144093 prime?
True
Is 3239813 prime?
False
Is 76343 prime?
True
Is 72836843 composite?
False
Is 83341093 composite?
True
Is 177177991 composite?
False
Is 74316314 a prime number?
False
Is 183150866 prime?
False
Is 142704311 a composite number?
False
Is 1315822 prime?
False
Is 139156349 prime?
True
Is 256874 a prime number?
False
Is 116410577 a composite number?
True
Is 15921119 a composite number?
False
Is 21714955 composite?
True
Is 7234054 composite?
True
Is 33729937 a composite number?
True
Is 1178999 composite?
True
Is 24986366 a composite number?
True
Is 366188353 composite?
False
Is 446865473 prime?
True
Is 5291017 composite?
False
Is 1682311 a composite number?
False
Is 140633 a prime number?
False
Is 7375777 prime?
False
Is 9728179 a composite number?
True
Is 32895281 a composite number?
False
Is 33373217 composite?
True
Is 35570611 composite?
False
Is 277056719 prime?
True
Is 38573917 a prime number?
True
Is 349538543 a prime number?
True
Is 215109017 composite?
False
Is 5103983 a composite number?
False
Is 30621653 a composite number?
False
Is 1101283 composite?
False
Is 232486613 a composite number?
False
Is 1681357 composite?
True
Is 36662689 a composite number?
True
Is 94231139 a composite number?
False
Is 162348533 prime?
True
Is 401309 prime?
True
Is 176535551 prime?
True
Is 2426569 a prime number?
False
Is 427022311 a prime number?
True
Is 4946737 prime?
False
Is 37478083 composite?
False
Is 979357 a prime number?
False
Is 479972963 prime?
True
Is 63562871 a prime number?
True
Is 521455321 prime?
True
Is 5432671 a prime number?
False
Is 25766121 composite?
True
Is 179394533 a prime number?
True
Is 62228573 prime?
False
Is 1004501 a prime number?
True
Is 59333149 a prime number?
True
Is 34782949 a prime number?
True
Is 67206943 composite?
True
Is 32161483 a prime number?
True
Is 18283649 a prime number?
False
Is 12215591 a prime number?
True
Is 19038233 prime?
True
Is 85329245 a prime number?
False
Is 12215011 composite?
True
Is 3302818 composite?
True
Is 91837 a prime number?
True
Is 471467 a composite number?
False
Is 218903 composite?
True
Is 12490039 prime?
False
Is 1318441 a prime number?
True
Is 50182571 a composite number?
True
Is 8448589 composite?
False
Is 367181 a composite number?
False
Is 50041909 composite?
False
Is 257633326 composite?
True
Is 2287437 a prime number?
False
Is 516566 prime?
False
Is 157530899 prime?
False
Is 23019371 prime?
True
Is 42821393 prime?
False
Is 4809097 a composite number?
False
Is 4805857 composite?
True
Is 140111 a composite number?
False
Is 89458445 prime?
False
Is 12514279 a prime number?
False
Is 2055821 a composite number?
False
Is 2781143 prime?
True
Is 105895609 a prime number?
True
Is 138316201 a prime number?
True
Is 6390499 composite?
False
Is 6438539 a prime number?
True
Is 100064039 a composite number?
False
Is 5162627 composite?
False
Is 14566823 composite?
False
Is 19612015 composite?
True
Is 9133073 a prime number?
True
Is 516852107 a prime number?
False
Is 1687877 a composite number?
True
Is 42506383 a prime number?
True
Is 4173073 a prime number?
True
Is 78652661 composite?
False
Is 2438261 a prime number?
False
Is 502651469 composite?
True
Is 996089 prime?
False
Is 64579789 prime?
False
Is 95386679 a composite number?
False
Is 3400589 composite?
False
Is 1336879 a composite number?
True
Is 10799333 composite?
True
Is 6255419 composite?
False
Is 21148957 composite?
True
Is 82932893 a composite number?
False
Is 361310927 a prime number?
True
Is 61333403 a composite number?
False
Is 9649015 prime?
False
Is 400513397 a composite number?
True
Is 7229269 a composite number?
True
Is 10988771 prime?
False
Is 1643297 composite?
True
Is 25533139 prime?
True
Is 9108941 a composite number?
False
Is 4647631 a prime number?
True
Is 651913 a prime number?
True
Is 18742487 composite?
False
Is 35818985 a prime number?
False
Is 344231 composite?
False
Is 6478747 prime?
False
Is 23756207 prime?
True
Is 77989517 prime?
False
Is 88028137 composite?
True
Is 3158723 a composite number?
True
Is 5762171 composite?
True
Is 200407423 composite?
True
Is 15419021 prime?
False
Is 34027997 a composite number?
False
Is 31184869 composite?
True
Is 11057653 prime?
False
Is 1719821 prime?
False
Is 83060897 a prime number?
True
Is 708731 composite?
True
Is 5853869 prime?
False
Is 8363753 a prime number?
True
Is 15542141 a composite number?
True
Is 6874141 prime?
False
Is 7396702 a prime number?
False
Is 33605417 prime?
True
Is 3695089 composite?
False
Is 57180391 prime?
False
Is 796820647 composite?
True
Is 17131469 composite?
True
Is 188187521 prime?
False
Is 452443 prime?
True
Is 365390315 a prime number?
False
Is 741047471 composite?
True
Is 6517673 composite?
False
Is 524999 a composite number?
False
Is 12250599 a composite number?
True
Is 2660901 a composite number?
True
Is 138223217 composite?
True
Is 1072067 prime?
False
Is 210797 prime?
False
Is 186197 a composite number?
True
Is 3003711 a composite number?
True
Is 35416099 composite?
False
Is 1440293 prime?
True
Is 15781199 prime?
False
Is 76948891 a composite number?
False
Is 4